{"id":652,"date":"2017-06-27T07:51:23","date_gmt":"2017-06-27T05:51:23","guid":{"rendered":"https:\/\/www.makeuporganizer.cz\/?post_type=product&#038;p=652"},"modified":"2024-09-24T09:16:40","modified_gmt":"2024-09-24T07:16:40","slug":"paletka-na-mixovani-makeupu","status":"publish","type":"product","link":"https:\/\/www.makeuporganizer.cz\/?product=paletka-na-mixovani-makeupu","title":{"rendered":"Paletka na mixov\u00e1n\u00ed make-upu LUCY"},"content":{"rendered":"","protected":false},"excerpt":{"rendered":"<p>Tato paleta ve tvaru srdce je ur\u010dena pro m\u00edch\u00e1n\u00ed kr\u00e9mov\u00fdch \u010di tekut\u00fdch makeup\u016f, korektor\u016f nebo rt\u011bnek.<\/p>\n<p>Paleta je vyrobena z\u00a0odoln\u00e9ho \u010dir\u00e9ho akrylu pr\u00e9miov\u00e9 kvality, je nezbytn\u00fdm n\u00e1strojem pro ka\u017edou makeup sadu.<\/p>\n<p>Chra\u0148te sv\u016fj produkt a poko\u017eku \u00a0p\u0159ed kontaminac\u00ed bakteri\u00ed pomoc\u00ed kvalitn\u00ed m\u00edchac\u00ed palety . Vhodn\u00e9 i pro cestov\u00e1n\u00ed .<\/p>\n<p>&nbsp;<\/p>\n<p><u>Velikost<\/u>: \u00a0D 14 x H 9,3 cm, tlou\u0161\u0165ka 3 mm<\/p>\n","protected":false},"featured_media":1888,"comment_status":"open","ping_status":"closed","template":"","meta":{"_et_pb_use_builder":"","_et_pb_old_content":"","_et_gb_content_width":""},"_links":{"self":[{"href":"https:\/\/www.makeuporganizer.cz\/index.php?rest_route=\/wp\/v2\/product\/652"}],"collection":[{"href":"https:\/\/www.makeuporganizer.cz\/index.php?rest_route=\/wp\/v2\/product"}],"about":[{"href":"https:\/\/www.makeuporganizer.cz\/index.php?rest_route=\/wp\/v2\/types\/product"}],"replies":[{"embeddable":true,"href":"https:\/\/www.makeuporganizer.cz\/index.php?rest_route=%2Fwp%2Fv2%2Fcomments&post=652"}],"wp:featuredmedia":[{"embeddable":true,"href":"https:\/\/www.makeuporganizer.cz\/index.php?rest_route=\/wp\/v2\/media\/1888"}],"wp:attachment":[{"href":"https:\/\/www.makeuporganizer.cz\/index.php?rest_route=%2Fwp%2Fv2%2Fmedia&parent=652"}],"curies":[{"name":"wp","href":"https:\/\/api.w.org\/{rel}","templated":true}]}}