{"id":2832,"date":"2019-07-01T10:20:36","date_gmt":"2019-07-01T08:20:36","guid":{"rendered":"https:\/\/demo.makeuporganizer.cz\/?post_type=product&#038;p=2832"},"modified":"2026-02-11T10:11:24","modified_gmt":"2026-02-11T08:11:24","slug":"kosmeticky-organizer-terry","status":"publish","type":"product","link":"https:\/\/www.makeuporganizer.cz\/?product=kosmeticky-organizer-terry","title":{"rendered":"KOSMETICK\u00dd ORGANIZ\u00c9R TERRY"},"content":{"rendered":"","protected":false},"excerpt":{"rendered":"<p><b><u>O produktu<\/u><\/b><b>: <\/b>Tento kosmetick\u00fd organiz\u00e9r je ur\u010den pro multifunk\u010dn\u00ed skladov\u00e1n\u00ed, my ho v\u0161ak doporu\u010dujeme pro skladov\u00e1n\u00ed kosmetick\u00fdch tamp\u00f3nu a vatov\u00fdch ty\u010dinek. Je vyvinut tak, aby se v\u00e1m na va\u0161e kosmetick\u00e9 tamp\u00f3ny ji\u017e nikdy nepr\u00e1\u0161ilo. \u010cir\u00fd masivn\u00ed akrylov\u00fd organiz\u00e9r se skl\u00e1d\u00e1 ze dvou \u010d\u00e1st\u00ed . Vrchn\u00ed d\u00edl m\u00e1 p\u0159ekr\u00e1snou, masivn\u00ed akrylovou \u00fachytku, kter\u00e1 dod\u00e1v\u00e1 organiz\u00e9ru je\u0161t\u011b v\u011bt\u0161\u00ed d\u00e1vku luxusu . Organiz\u00e9r je poti\u0161t\u011bn logem na\u0161\u00ed spole\u010dnosti . N\u00e1pl\u0148 nen\u00ed sou\u010d\u00e1st\u00ed produktu.<\/p>\n<p><b><u>Velikost<\/u><\/b><b>: D 13 x H 13 x V 15 cm<\/b><\/p>\n","protected":false},"featured_media":2825,"comment_status":"open","ping_status":"closed","template":"","meta":{"_et_pb_use_builder":"","_et_pb_old_content":"","_et_gb_content_width":""},"_links":{"self":[{"href":"https:\/\/www.makeuporganizer.cz\/index.php?rest_route=\/wp\/v2\/product\/2832"}],"collection":[{"href":"https:\/\/www.makeuporganizer.cz\/index.php?rest_route=\/wp\/v2\/product"}],"about":[{"href":"https:\/\/www.makeuporganizer.cz\/index.php?rest_route=\/wp\/v2\/types\/product"}],"replies":[{"embeddable":true,"href":"https:\/\/www.makeuporganizer.cz\/index.php?rest_route=%2Fwp%2Fv2%2Fcomments&post=2832"}],"wp:featuredmedia":[{"embeddable":true,"href":"https:\/\/www.makeuporganizer.cz\/index.php?rest_route=\/wp\/v2\/media\/2825"}],"wp:attachment":[{"href":"https:\/\/www.makeuporganizer.cz\/index.php?rest_route=%2Fwp%2Fv2%2Fmedia&parent=2832"}],"curies":[{"name":"wp","href":"https:\/\/api.w.org\/{rel}","templated":true}]}}