{"id":249,"date":"2017-01-26T21:55:43","date_gmt":"2017-01-26T19:55:43","guid":{"rendered":"https:\/\/www.makeuporganizer.cz\/?post_type=product&#038;p=249"},"modified":"2025-03-23T11:28:56","modified_gmt":"2025-03-23T09:28:56","slug":"karolina","status":"publish","type":"product","link":"https:\/\/www.makeuporganizer.cz\/?product=karolina","title":{"rendered":"Kosmetick\u00fd organiz\u00e9r KAROLINA"},"content":{"rendered":"","protected":false},"excerpt":{"rendered":"<p><u>O produktu:<\/u> Tento kosmetick\u00fd organiz\u00e9r je ur\u010den pro skladov\u00e1n\u00ed dekorativn\u00ed kosmetiky, \u0161perk\u016f, bi\u017euterie, l\u00e9k\u016f, kancel\u00e1\u0159sk\u00fdch pot\u0159eb a jin\u00e9. \u010cir\u00fd masivn\u00ed akrylov\u00fd organiz\u00e9r slou\u017e\u00ed pro p\u0159ehledn\u00e9 a jednoduch\u00e9 organizov\u00e1n\u00ed. Organiz\u00e9r je mo\u017en\u00e9 vrstvit na sebe. N\u00e1pl\u0148 nen\u00ed sou\u010d\u00e1st\u00ed produktu.<\/p>\n<p><u>Velikost:<\/u>\u00a0D 26 x H 17,5 x V 10,5 cm, 3 ks \u00a0\u0161upl\u00edk\u016f (v\u00fd\u0161ka \u0161upl\u00edku 2,5 cm)<\/p>\n","protected":false},"featured_media":2028,"comment_status":"open","ping_status":"closed","template":"","meta":{"_et_pb_use_builder":"","_et_pb_old_content":"","_et_gb_content_width":""},"_links":{"self":[{"href":"https:\/\/www.makeuporganizer.cz\/index.php?rest_route=\/wp\/v2\/product\/249"}],"collection":[{"href":"https:\/\/www.makeuporganizer.cz\/index.php?rest_route=\/wp\/v2\/product"}],"about":[{"href":"https:\/\/www.makeuporganizer.cz\/index.php?rest_route=\/wp\/v2\/types\/product"}],"replies":[{"embeddable":true,"href":"https:\/\/www.makeuporganizer.cz\/index.php?rest_route=%2Fwp%2Fv2%2Fcomments&post=249"}],"wp:featuredmedia":[{"embeddable":true,"href":"https:\/\/www.makeuporganizer.cz\/index.php?rest_route=\/wp\/v2\/media\/2028"}],"wp:attachment":[{"href":"https:\/\/www.makeuporganizer.cz\/index.php?rest_route=%2Fwp%2Fv2%2Fmedia&parent=249"}],"curies":[{"name":"wp","href":"https:\/\/api.w.org\/{rel}","templated":true}]}}