{"id":1049,"date":"2017-11-10T00:28:14","date_gmt":"2017-11-09T22:28:14","guid":{"rendered":"https:\/\/www.makeuporganizer.cz\/?post_type=product&#038;p=1049"},"modified":"2026-02-11T10:00:42","modified_gmt":"2026-02-11T08:00:42","slug":"kosmeticky-organizer-sara","status":"publish","type":"product","link":"https:\/\/www.makeuporganizer.cz\/?product=kosmeticky-organizer-sara","title":{"rendered":"Kosmetick\u00fd organiz\u00e9r SARA"},"content":{"rendered":"","protected":false},"excerpt":{"rendered":"<p><u>O produktu:<\/u> Tento v\u00fdrobek je ur\u010den pro skladov\u00e1n\u00ed bavln\u011bn\u00fdch ty\u010dinek. \u010cir\u00fd akrylov\u00fd organiz\u00e9r slou\u017e\u00ed pro p\u0159ehledn\u00e9 a jednoduch\u00e9 skladov\u00e1n\u00ed. N\u00e1pl\u0148 nen\u00ed sou\u010d\u00e1st\u00ed produktu.<\/p>\n<p>&nbsp;<\/p>\n<p><u>Velikost<\/u>: D 9 x H 5 x V 5 cm<\/p>\n","protected":false},"featured_media":1050,"comment_status":"open","ping_status":"closed","template":"","meta":{"_et_pb_use_builder":"","_et_pb_old_content":"","_et_gb_content_width":""},"_links":{"self":[{"href":"https:\/\/www.makeuporganizer.cz\/index.php?rest_route=\/wp\/v2\/product\/1049"}],"collection":[{"href":"https:\/\/www.makeuporganizer.cz\/index.php?rest_route=\/wp\/v2\/product"}],"about":[{"href":"https:\/\/www.makeuporganizer.cz\/index.php?rest_route=\/wp\/v2\/types\/product"}],"replies":[{"embeddable":true,"href":"https:\/\/www.makeuporganizer.cz\/index.php?rest_route=%2Fwp%2Fv2%2Fcomments&post=1049"}],"wp:featuredmedia":[{"embeddable":true,"href":"https:\/\/www.makeuporganizer.cz\/index.php?rest_route=\/wp\/v2\/media\/1050"}],"wp:attachment":[{"href":"https:\/\/www.makeuporganizer.cz\/index.php?rest_route=%2Fwp%2Fv2%2Fmedia&parent=1049"}],"curies":[{"name":"wp","href":"https:\/\/api.w.org\/{rel}","templated":true}]}}