{"id":73,"date":"2016-12-27T16:11:38","date_gmt":"2016-12-27T16:11:38","guid":{"rendered":"https:\/\/www.makeuporganizer.cz\/?page_id=73"},"modified":"2019-06-22T22:25:16","modified_gmt":"2019-06-22T20:25:16","slug":"kontakt","status":"publish","type":"page","link":"https:\/\/www.makeuporganizer.cz\/?page_id=73","title":{"rendered":"Kontakt"},"content":{"rendered":"<p>[et_pb_section fb_built=&#8221;1&#8243; background_color=&#8221;#f7f7f7&#8243; _builder_version=&#8221;3.24.1&#8243; custom_padding=&#8221;||0px|||&#8221;][et_pb_row min_height=&#8221;102px&#8221; _builder_version=&#8221;3.24.1&#8243; custom_padding=&#8221;||0px|||&#8221;][et_pb_column type=&#8221;4_4&#8243; _builder_version=&#8221;3.24.1&#8243;][et_pb_text text_font_size=&#8221;25px&#8221; animation_style=&#8221;slide&#8221; animation_direction=&#8221;left&#8221; animation_duration=&#8221;1300ms&#8221; animation_intensity_slide=&#8221;10%&#8221; _builder_version=&#8221;3.24.1&#8243; text_font=&#8221;|||on|||||&#8221; text_text_align=&#8221;center&#8221;]<\/p>\n<p>kontakt<\/p>\n<p>[\/et_pb_text][et_pb_divider color=&#8221;#d4a793&#8243; divider_weight=&#8221;4px&#8221; _builder_version=&#8221;3.24.1&#8243; width=&#8221;7%&#8221; module_alignment=&#8221;center&#8221; animation_style=&#8221;slide&#8221; animation_direction=&#8221;left&#8221; animation_duration=&#8221;1300ms&#8221; animation_intensity_slide=&#8221;10%&#8221;][\/et_pb_divider][\/et_pb_column][\/et_pb_row][\/et_pb_section][et_pb_section fb_built=&#8221;1&#8243; admin_label=&#8221;section&#8221; _builder_version=&#8221;3.24.1&#8243; background_color=&#8221;#f7f7f7&#8243; custom_padding=&#8221;||130px|||&#8221;][et_pb_row admin_label=&#8221;row&#8221; _builder_version=&#8221;3.22.3&#8243; background_size=&#8221;initial&#8221; background_position=&#8221;top_left&#8221; background_repeat=&#8221;repeat&#8221; custom_padding=&#8221;0px||50px|||&#8221;][et_pb_column type=&#8221;1_2&#8243; _builder_version=&#8221;3.0.47&#8243;][et_pb_text text_font_size=&#8221;30px&#8221; _builder_version=&#8221;3.24.1&#8243; text_font=&#8221;||||||||&#8221; text_text_color=&#8221;#D4A793&#8243; custom_margin=&#8221;0px||20px&#8221;]<\/p>\n<p>Spolupr\u00e1ce<\/p>\n<p>[\/et_pb_text][et_pb_text text_font_size=&#8221;17px&#8221; _builder_version=&#8221;3.24.1&#8243; custom_margin=&#8221;0px||0px|||&#8221; custom_padding=&#8221;0px||0px&#8221; text_font=&#8221;||||||||&#8221;]<\/p>\n<p style=\"text-align: left;\">M\u00e1te z\u00e1jem o velkoobchodn\u00ed odb\u011br MAKEUP ORGANIZER, jste prodejce, vlastn\u00edte e-shop, distribu\u010dn\u00ed s\u00ed\u0165? <br \/>R\u00e1di s V\u00e1mi nav\u00e1\u017eeme spolupr\u00e1ci, kontaktujte n\u00e1s na\u00a0 info(dot)makeuporganizer.cz<\/p>\n<p>[\/et_pb_text][\/et_pb_column][et_pb_column type=&#8221;1_2&#8243; _builder_version=&#8221;3.0.47&#8243;][et_pb_contact_form captcha=&#8221;off&#8221; hover_enabled=&#8221;0&#8243; custom_button=&#8221;on&#8221; button_text_size=&#8221;17px&#8221; button_text_color=&#8221;#ffffff&#8221; button_bg_color=&#8221;#333333&#8243; button_border_width=&#8221;0px&#8221; button_border_radius=&#8221;0px&#8221; _builder_version=&#8221;3.24.1&#8243; form_field_font=&#8221;||||||||&#8221; form_field_background_color=&#8221;#ffffff&#8221; border_width_all=&#8221;1px&#8221; border_color_all=&#8221;#D4A793&#8243; button_font=&#8221;||||||||&#8221; button_bg_color__hover_enabled=&#8221;on&#8221;][et_pb_contact_field field_id=&#8221;Name&#8221; field_title=&#8221;Jm\u00e9no&#8221; _builder_version=&#8221;3.16&#8243; border_radii=&#8221;on||||&#8221; button_text_size__hover_enabled=&#8221;off&#8221; button_one_text_size__hover_enabled=&#8221;off&#8221; button_two_text_size__hover_enabled=&#8221;off&#8221; button_text_color__hover_enabled=&#8221;off&#8221; button_one_text_color__hover_enabled=&#8221;off&#8221; button_two_text_color__hover_enabled=&#8221;off&#8221; button_border_width__hover_enabled=&#8221;off&#8221; button_one_border_width__hover_enabled=&#8221;off&#8221; button_two_border_width__hover_enabled=&#8221;off&#8221; button_border_color__hover_enabled=&#8221;off&#8221; button_one_border_color__hover_enabled=&#8221;off&#8221; button_two_border_color__hover_enabled=&#8221;off&#8221; button_border_radius__hover_enabled=&#8221;off&#8221; button_one_border_radius__hover_enabled=&#8221;off&#8221; button_two_border_radius__hover_enabled=&#8221;off&#8221; button_letter_spacing__hover_enabled=&#8221;off&#8221; button_one_letter_spacing__hover_enabled=&#8221;off&#8221; button_two_letter_spacing__hover_enabled=&#8221;off&#8221; button_bg_color__hover_enabled=&#8221;off&#8221; button_one_bg_color__hover_enabled=&#8221;off&#8221; button_two_bg_color__hover_enabled=&#8221;off&#8221;][\/et_pb_contact_field][et_pb_contact_field field_id=&#8221;Email&#8221; field_title=&#8221;E-mailov\u00e1 adresa&#8221; field_type=&#8221;email&#8221; _builder_version=&#8221;3.16&#8243; border_radii=&#8221;on||||&#8221; button_text_size__hover_enabled=&#8221;off&#8221; button_one_text_size__hover_enabled=&#8221;off&#8221; button_two_text_size__hover_enabled=&#8221;off&#8221; button_text_color__hover_enabled=&#8221;off&#8221; button_one_text_color__hover_enabled=&#8221;off&#8221; button_two_text_color__hover_enabled=&#8221;off&#8221; button_border_width__hover_enabled=&#8221;off&#8221; button_one_border_width__hover_enabled=&#8221;off&#8221; button_two_border_width__hover_enabled=&#8221;off&#8221; button_border_color__hover_enabled=&#8221;off&#8221; button_one_border_color__hover_enabled=&#8221;off&#8221; button_two_border_color__hover_enabled=&#8221;off&#8221; button_border_radius__hover_enabled=&#8221;off&#8221; button_one_border_radius__hover_enabled=&#8221;off&#8221; button_two_border_radius__hover_enabled=&#8221;off&#8221; button_letter_spacing__hover_enabled=&#8221;off&#8221; button_one_letter_spacing__hover_enabled=&#8221;off&#8221; button_two_letter_spacing__hover_enabled=&#8221;off&#8221; button_bg_color__hover_enabled=&#8221;off&#8221; button_one_bg_color__hover_enabled=&#8221;off&#8221; button_two_bg_color__hover_enabled=&#8221;off&#8221;][\/et_pb_contact_field][et_pb_contact_field field_id=&#8221;Message&#8221; field_title=&#8221;Zpr\u00e1va&#8221; field_type=&#8221;text&#8221; fullwidth_field=&#8221;on&#8221; _builder_version=&#8221;3.16&#8243; border_radii=&#8221;on||||&#8221; button_text_size__hover_enabled=&#8221;off&#8221; button_one_text_size__hover_enabled=&#8221;off&#8221; button_two_text_size__hover_enabled=&#8221;off&#8221; button_text_color__hover_enabled=&#8221;off&#8221; button_one_text_color__hover_enabled=&#8221;off&#8221; button_two_text_color__hover_enabled=&#8221;off&#8221; button_border_width__hover_enabled=&#8221;off&#8221; button_one_border_width__hover_enabled=&#8221;off&#8221; button_two_border_width__hover_enabled=&#8221;off&#8221; button_border_color__hover_enabled=&#8221;off&#8221; button_one_border_color__hover_enabled=&#8221;off&#8221; button_two_border_color__hover_enabled=&#8221;off&#8221; button_border_radius__hover_enabled=&#8221;off&#8221; button_one_border_radius__hover_enabled=&#8221;off&#8221; button_two_border_radius__hover_enabled=&#8221;off&#8221; button_letter_spacing__hover_enabled=&#8221;off&#8221; button_one_letter_spacing__hover_enabled=&#8221;off&#8221; button_two_letter_spacing__hover_enabled=&#8221;off&#8221; button_bg_color__hover_enabled=&#8221;off&#8221; button_one_bg_color__hover_enabled=&#8221;off&#8221; button_two_bg_color__hover_enabled=&#8221;off&#8221;][\/et_pb_contact_field][\/et_pb_contact_form][\/et_pb_column][\/et_pb_row][et_pb_row use_custom_gutter=&#8221;on&#8221; gutter_width=&#8221;2&#8243; _builder_version=&#8221;3.24.1&#8243; padding_top_1=&#8221;0px&#8221; custom_padding=&#8221;0px||&#8221; custom_margin=&#8221;0px||&#8221;][et_pb_column type=&#8221;1_3&#8243; _builder_version=&#8221;3.24.1&#8243;][et_pb_blurb use_icon=&#8221;on&#8221; icon_color=&#8221;#D4A793&#8243; use_circle=&#8221;on&#8221; circle_color=&#8221;#ffffff&#8221; use_circle_border=&#8221;on&#8221; circle_border_color=&#8221;#D4A793&#8243; use_icon_font_size=&#8221;on&#8221; icon_font_size=&#8221;30px&#8221; _builder_version=&#8221;3.24.1&#8243; font_icon=&#8221;%%113%%&#8221; custom_margin=&#8221;||||true|true&#8221; custom_padding=&#8221;0px||0px||true&#8221; custom_css_main_element=&#8221;z-index: 999&#8243;][\/et_pb_blurb][et_pb_text _builder_version=&#8221;3.24.1&#8243; custom_padding=&#8221;60px|30px|40px|30px|false|true&#8221; background_color=&#8221;#ffffff&#8221; custom_margin=&#8221;-83px||&#8221; border_color_all=&#8221;#D4A793&#8243; border_width_all=&#8221;1px&#8221;]<\/p>\n<p><strong>Bankovn\u00ed spojen\u00ed<\/strong><br \/> \u010cesk\u00e1 spo\u0159itelna, a.s.<\/p>\n<p><strong>V CZK<\/strong><br \/> <strong>\u010d\u00edslo \u00fa\u010dtu\/k\u00f3d banky:<\/strong> 4415564359\/0800<br \/> <strong>IBAN:<\/strong> CZ23 0800 0000 0044 1556 4359<br \/> <strong>BIC:<\/strong> GIBACZPX<\/p>\n<p><strong>V EUR<\/strong><br \/> <strong>\u010d\u00edslo \u00fa\u010dtu\/k\u00f3d banky:<\/strong> 1965495243\/0800<br \/> <strong>IBAN:<\/strong> CZ58 0800 0000 0019 65495243<br \/> <strong>BIC:<\/strong> GIBACZPX<\/p>\n<p>[\/et_pb_text][\/et_pb_column][et_pb_column type=&#8221;1_3&#8243; _builder_version=&#8221;3.24.1&#8243;][et_pb_blurb use_icon=&#8221;on&#8221; icon_color=&#8221;#D4A793&#8243; use_circle=&#8221;on&#8221; circle_color=&#8221;#ffffff&#8221; use_circle_border=&#8221;on&#8221; circle_border_color=&#8221;#D4A793&#8243; use_icon_font_size=&#8221;on&#8221; icon_font_size=&#8221;30px&#8221; _builder_version=&#8221;3.24.1&#8243; font_icon=&#8221;%%258%%&#8221; custom_margin=&#8221;||||true|true&#8221; custom_padding=&#8221;0px||0px||true&#8221; custom_css_main_element=&#8221;z-index: 999&#8243;][\/et_pb_blurb][et_pb_text _builder_version=&#8221;3.24.1&#8243; custom_padding=&#8221;60px|30px|40px|30px|false|true&#8221; background_color=&#8221;#ffffff&#8221; custom_margin=&#8221;-83px||&#8221; border_color_all=&#8221;#D4A793&#8243; border_width_all=&#8221;1px&#8221;]<\/p>\n<p><strong>Provozovatel<\/strong><br \/><strong>MAKEUP ORGANIZER s.r.o.<\/strong><\/p>\n<p><strong>S\u00eddlo:<\/strong> Okru\u017en\u00ed 189, 251 01 Babice u \u0158\u00ed\u010dan<br \/><strong>I\u010c:<\/strong> 05600014<br \/><strong>DI\u010c:<\/strong> CZ05600014<\/p>\n<p><strong>Spisov\u00e1 zna\u010dka:<\/strong> Spole\u010dnost je zapsan\u00e1 v\u00a0obchodn\u00edm rejst\u0159\u00edku, veden\u00e9m M\u011bstsk\u00fdm soudem v\u00a0Praze, odd\u00edl C., vlo\u017eka 266973<\/p>\n<p>[\/et_pb_text][\/et_pb_column][et_pb_column type=&#8221;1_3&#8243; _builder_version=&#8221;3.24.1&#8243;][et_pb_blurb use_icon=&#8221;on&#8221; icon_color=&#8221;#D4A793&#8243; use_circle=&#8221;on&#8221; circle_color=&#8221;#ffffff&#8221; use_circle_border=&#8221;on&#8221; circle_border_color=&#8221;#D4A793&#8243; use_icon_font_size=&#8221;on&#8221; icon_font_size=&#8221;30px&#8221; _builder_version=&#8221;3.24.1&#8243; font_icon=&#8221;%%238%%&#8221; custom_margin=&#8221;||||true|true&#8221; custom_padding=&#8221;0px||0px||true&#8221; custom_css_main_element=&#8221;z-index: 999&#8243;][\/et_pb_blurb][et_pb_text _builder_version=&#8221;3.24.1&#8243; custom_padding=&#8221;60px|19px|40px|30px|false|false&#8221; background_color=&#8221;#ffffff&#8221; custom_margin=&#8221;-83px||&#8221; border_color_all=&#8221;#D4A793&#8243; border_width_all=&#8221;1px&#8221;]<\/p>\n<p><strong>E-mail<\/strong><\/p>\n<p>info@makeuporganizer.cz<\/p>\n<p>obchod@makeuporganizer.cz<\/p>\n<p>makeuporganizer@makeuporganizer.cz<\/p>\n<p>[\/et_pb_text][\/et_pb_column][\/et_pb_row][\/et_pb_section]<\/p>\n","protected":false},"excerpt":{"rendered":"<p>[et_pb_section fb_built=&#8221;1&#8243; background_color=&#8221;#f7f7f7&#8243; _builder_version=&#8221;3.24.1&#8243; custom_padding=&#8221;||0px|||&#8221;][et_pb_row min_height=&#8221;102px&#8221; _builder_version=&#8221;3.24.1&#8243; custom_padding=&#8221;||0px|||&#8221;][et_pb_column type=&#8221;4_4&#8243; _builder_version=&#8221;3.24.1&#8243;][et_pb_text text_font_size=&#8221;25px&#8221; animation_style=&#8221;slide&#8221; animation_direction=&#8221;left&#8221; animation_duration=&#8221;1300ms&#8221; animation_intensity_slide=&#8221;10%&#8221; _builder_version=&#8221;3.24.1&#8243; text_font=&#8221;|||on|||||&#8221; text_text_align=&#8221;center&#8221;] kontakt [\/et_pb_text][et_pb_divider color=&#8221;#d4a793&#8243; divider_weight=&#8221;4px&#8221; _builder_version=&#8221;3.24.1&#8243; width=&#8221;7%&#8221; module_alignment=&#8221;center&#8221; animation_style=&#8221;slide&#8221; animation_direction=&#8221;left&#8221; animation_duration=&#8221;1300ms&#8221; animation_intensity_slide=&#8221;10%&#8221;][\/et_pb_divider][\/et_pb_column][\/et_pb_row][\/et_pb_section][et_pb_section fb_built=&#8221;1&#8243; admin_label=&#8221;section&#8221; _builder_version=&#8221;3.24.1&#8243; background_color=&#8221;#f7f7f7&#8243; custom_padding=&#8221;||130px|||&#8221;][et_pb_row admin_label=&#8221;row&#8221; _builder_version=&#8221;3.22.3&#8243; background_size=&#8221;initial&#8221; background_position=&#8221;top_left&#8221; background_repeat=&#8221;repeat&#8221; custom_padding=&#8221;0px||50px|||&#8221;][et_pb_column type=&#8221;1_2&#8243; _builder_version=&#8221;3.0.47&#8243;][et_pb_text text_font_size=&#8221;30px&#8221; _builder_version=&#8221;3.24.1&#8243; text_font=&#8221;||||||||&#8221; text_text_color=&#8221;#D4A793&#8243; custom_margin=&#8221;0px||20px&#8221;] Spolupr\u00e1ce [\/et_pb_text][et_pb_text text_font_size=&#8221;17px&#8221; _builder_version=&#8221;3.24.1&#8243; custom_margin=&#8221;0px||0px|||&#8221; custom_padding=&#8221;0px||0px&#8221; text_font=&#8221;||||||||&#8221;] M\u00e1te [&hellip;]<\/p>\n","protected":false},"author":1,"featured_media":0,"parent":0,"menu_order":0,"comment_status":"closed","ping_status":"closed","template":"","meta":{"_et_pb_use_builder":"on","_et_pb_old_content":"<h1><strong>MAKEUP ORGANIZER s.r.o.<\/strong><\/h1>\r\n<h3><strong>Spolupr\u00e1ce<\/strong><\/h3>\r\n<h4>M\u00e1te z\u00e1jem o velkoobchodn\u00ed odb\u011br MAKEUP ORGANIZER , jste prodejce, vlastn\u00edte e-shop, distribu\u010dn\u00ed s\u00ed\u0165? R\u00e1di s V\u00e1mi nav\u00e1\u017eeme spolupr\u00e1ci, kontaktujte n\u00e1s na\u00a0 <a href=\"mailto:info@makeuporganizer.cz\">info(dot)makeuporganizer.cz<\/a><\/h4>\r\n&nbsp;\r\n<h3><strong>Provozovatel<\/strong><\/h3>\r\n<h4><strong>MAKEUP ORGANIZER s.r.o.<\/strong><\/h4>\r\nS\u00eddlo : Okru\u017en\u00ed 189, 251 01 Babice u \u0158\u00ed\u010dan\r\n\r\nI\u010c: 05600014\r\n\r\nDI\u010c: CZ05600014\r\n\r\nSpisov\u00e1 zna\u010dka: Spole\u010dnost je zapsan\u00e1 v\u00a0obchodn\u00edm rejst\u0159\u00edku, veden\u00e9m M\u011bstsk\u00fdm soudem v\u00a0Praze, odd\u00edl C.,\r\n\r\nvlo\u017eka 266973\r\n\r\n&nbsp;\r\n\r\n&nbsp;\r\n\r\ne-mail:\r\n\r\n<strong><u><a href=\"mailto:info@makeuporganizer.cz\">info<\/a><a href=\"mailto:info@makeuporganizer.cz\">@makeuporganizer.cz<\/a><\/u><\/strong>\r\n\r\n<u><b>obchod@makeuporganizer.cz<\/b><\/u>\r\n\r\n<strong><u>makeuporganizer@makeuporganizer.cz<\/u><\/strong>\r\n\r\n&nbsp;\r\n\r\n&nbsp;\r\n\r\nBankovn\u00ed spojen\u00ed: \u010cesk\u00e1 spo\u0159itelna, a.s.\r\n\r\n<strong>V CZK<\/strong>\r\n\r\n\u010d\u00edslo \u00fa\u010dtu\/k\u00f3d banky: 4415564359 \/ 0800\r\n\r\nIBAN: CZ23 0800 0000 0044 1556 4359\r\n\r\nBIC: GIBACZPX\r\n\r\n<strong>V EUR<\/strong>\r\n\r\n\u010d\u00edslo \u00fa\u010dtu\/k\u00f3d banky: 1965495243 \/ 0800\r\n\r\nIBAN: CZ58 0800 0000 0019 65495243\r\n\r\nBIC: GIBACZPX\r\n\r\n&nbsp;\r\n\r\n<strong>\u00a0<\/strong>\r\n\r\n&nbsp;\r\n\r\n&nbsp;","_et_gb_content_width":""},"_links":{"self":[{"href":"https:\/\/www.makeuporganizer.cz\/index.php?rest_route=\/wp\/v2\/pages\/73"}],"collection":[{"href":"https:\/\/www.makeuporganizer.cz\/index.php?rest_route=\/wp\/v2\/pages"}],"about":[{"href":"https:\/\/www.makeuporganizer.cz\/index.php?rest_route=\/wp\/v2\/types\/page"}],"author":[{"embeddable":true,"href":"https:\/\/www.makeuporganizer.cz\/index.php?rest_route=\/wp\/v2\/users\/1"}],"replies":[{"embeddable":true,"href":"https:\/\/www.makeuporganizer.cz\/index.php?rest_route=%2Fwp%2Fv2%2Fcomments&post=73"}],"version-history":[{"count":31,"href":"https:\/\/www.makeuporganizer.cz\/index.php?rest_route=\/wp\/v2\/pages\/73\/revisions"}],"predecessor-version":[{"id":2495,"href":"https:\/\/www.makeuporganizer.cz\/index.php?rest_route=\/wp\/v2\/pages\/73\/revisions\/2495"}],"wp:attachment":[{"href":"https:\/\/www.makeuporganizer.cz\/index.php?rest_route=%2Fwp%2Fv2%2Fmedia&parent=73"}],"curies":[{"name":"wp","href":"https:\/\/api.w.org\/{rel}","templated":true}]}}